v = -998 - -631. Let w = 1069 + -1316. Let o = w - v. Calculate the greatest common factor of o and 24.
24
Let a(j) = -j**3 - 18*j**2 - 18*j - 5. Let s be a(-17). Let p be (-68)/(-6) - s/36. What is the greatest common divisor of p and 55?
11
Let c be 1/(7 + (-54)/9). Calculate the greatest common divisor of 19 and c.
1
Let a(x) be the first derivative of x**2/2 + 27*x - 22. Let s be a(-17). What is the greatest common factor of 110 and s?
10
Suppose -14 = -o - 4*i + 35, 3*i = -o + 54. What is the highest common factor of o and 1173?
69
Suppose -315 = -36*z + 21*z. Calculate the highest common divisor of 861 and z.
21
Let c(h) = 6*h**3 - 1. Let q be c(1). Suppose q*l - 7 = 4*u - 47, -u = 3*l + 7. Let g = 11 - u. Calculate the greatest common divisor of g and 1.
1
Suppose 3*j + v - 179 = 0, 0 = -2*j + 4*v - v + 123. What is the highest common factor of j and 15?
15
Let n(i) be the second derivative of i**5/20 + i**4/3 + i**3/6 - 2*i**2 - 10*i. Let d be n(-2). Calculate the greatest common divisor of 3 and d.
1
Let b(m) = -m**3 - 8*m**2 - m - 11. Let q be b(-8). Let y be (20 + (-6)/3)/(q/(-21)). Calculate the highest common divisor of 14 and y.
14
Suppose 0 = -3*q + 2*q + 12. Let b(t) = t**3 - 9*t**2 + t - 5. Let l be b(9). Suppose -22 = -y - l. Calculate the highest common factor of y and q.
6
Let i = 822 - 41. What is the greatest common divisor of 11 and i?
11
Let d(c) = 526*c - 14. Let u be d(1). Calculate the greatest common divisor of u and 16.
16
Let y(b) = b**3 - 12*b**2 + 10*b - 78. Let s be y(12). What is the greatest common factor of 777 and s?
21
Suppose -4*c = 2*i - 248, -i + 2*c + 145 = -3*c. What is the highest common divisor of i and 26?
26
Let d(t) = -t**3 + 3*t**2 + 3*t + 7. Let o be d(4). What is the highest common divisor of 1 and o?
1
Let j be ((-25)/(-10))/((-2)/(-4)). Suppose 0 = -4*w - 3*x + 159, w + j*x = -0*x + 61. Calculate the greatest common divisor of w and 54.
18
Suppose 60*a - 5973 = 1287. What is the greatest common divisor of a and 11?
11
Let i(p) = -25*p - 25. Let b = 8 - 11. Let g be i(b). What is the greatest common factor of g and 20?
10
Suppose 6*s - 4*s = 0. Let y be (-2)/(-5)*(s + 5). Let a be (-1)/y*-2 - -20. What is the greatest common divisor of a and 63?
21
Let p(a) = -2*a**2 - 9*a + 30. Let f(d) = -d**2 + d + 1. Let s(v) = -3*f(v) + p(v). Let w be s(16). What is the greatest common factor of 26 and w?
13
Suppose 5*w + 4*c = 1105, -w - 2*w - c + 663 = 0. Calculate the highest common factor of 34 and w.
17
Let f(z) = 15*z + 296. Let q be f(-19). What is the greatest common factor of q and 913?
11
Let b be 360/35 - 4/14. Let n(a) = 3*a**3 - 9*a**2 - a + 5. Let k be n(3). What is the greatest common divisor of b and k?
2
Let n(k) = 4*k**3 - k**2 + 3*k - 4. Let m be n(3). Suppose -l = -m - 11. Let c be (-1)/(2 - 279/138). What is the highest common divisor of l and c?
23
Let y be (2/4)/((-1)/(-22)). Let m be -7 + (-3 - (-44 - 10)). What is the greatest common factor of y and m?
11
Let i(a) = -a + 4. Let t be i(3). Let p be t + 10 - 60/(-15). What is the greatest common divisor of p and 75?
15
Let s = -228 - -276. What is the greatest common factor of s and 240?
48
Let u(r) = -17*r + 4. Let y be u(-4). Suppose 3*d + 15 = 6*d. Suppose d*f - 3*f + 94 = 4*n, 2*n - 46 = 2*f. Calculate the greatest common factor of n and y.
24
Let x be (-10)/(-3)*9/6. Suppose 8*f = x*f + 12. What is the highest common factor of f and 32?
4
Let s(j) = -28*j - 37. Let b be s(-12). Calculate the greatest common divisor of b and 13.
13
Let j(y) = 2*y**2 + 2*y. Let r be j(-2). Suppose 470 = r*z - 0*z + 5*q, 482 = 4*z - q. What is the highest common divisor of 15 and z?
15
Let x = -378 + 395. Let o(m) = 4*m**2 + 2*m - 5. Let f be o(-5). What is the greatest common divisor of x and f?
17
Let y = -349 + 440. What is the greatest common divisor of y and 39?
13
Suppose 2*m - 3*g + 8 - 59 = 0, -3*m = -3*g - 84. Calculate the highest common factor of m and 132.
33
Suppose 8*q + 16 = 720. What is the highest common divisor of 33 and q?
11
Let v be (182 - 179)/(1 - (-683)/(-686)). Calculate the highest common factor of v and 14.
14
Suppose 0 = -41*k + 205 + 1107. Calculate the greatest common factor of k and 6.
2
Suppose -5 = -2*k + k. Suppose -12 = -p + k*p. Let i be (-14 + p)*(-6 + 3). What is the greatest common factor of i and 17?
17
Let t(x) = 2*x**2 + 5*x - 2. Let p(d) = -d**3 - 4*d**2 - d. Let j be p(-4). Let q be t(j). What is the greatest common factor of q and 20?
10
Suppose 0 = 5*g + 4*i - 2*i - 2524, -1006 = -2*g + i. Calculate the highest common factor of g and 56.
56
Suppose 29*y = 12*y + 289. Calculate the greatest common factor of y and 289.
17
Suppose -3*j - 4*z = -25, 0*j = -2*j - 5*z + 26. Let r be (7/j)/((-32)/(-96)). Calculate the highest common factor of 28 and r.
7
Suppose 353 = -11*z + 936. Calculate the highest common divisor of z and 371.
53
Let p = 551 - 506. Let g = 6 - 4. Suppose -3*b - 2*q = -6*q - 7, -11 = -3*b + g*q. Calculate the greatest common factor of p and b.
5
Let q(i) = i**3 - 17*i**2 + 54*i - 10. Let l be q(13). Let k be (216/10)/(2 + (-222)/120). Calculate the highest common divisor of l and k.
16
Let k = 356 - 164. Suppose 104*m - k = 102*m. What is the highest common divisor of 64 and m?
32
Let g = -109 - -214. Suppose 101*y - 97*y - 36 = -4*t, -3*y + 57 = 5*t. What is the greatest common divisor of g and t?
15
Let h(l) = 5*l + 18. Let w be h(0). Let x be 1/(0 + 1) - 1. Suppose 3*r - 6*r + 135 = x. What is the greatest common divisor of w and r?
9
Let x = -15 - -18. Let r = x + 13. What is the highest common divisor of 16 and r?
16
Suppose 0 = 2*k - 0*k + 3*c - 68, 0 = 4*k - c - 164. Let t = -38 + k. What is the greatest common factor of 14 and t?
2
Let o be (4 + -3)/((-2)/(-10)). Suppose -56 = -o*g - 2*b, -b - b + 46 = 4*g. Suppose -5*w + 56 - 6 = 0. What is the highest common divisor of g and w?
10
Suppose 4*q - 54 = 3*q. Let r = 0 + 6. Calculate the greatest common divisor of q and r.
6
Suppose -2*j = 4*c - 612 - 228, 630 = 3*c - 2*j. What is the greatest common factor of c and 84?
42
Let d = 324 - 220. What is the greatest common factor of d and 117?
13
Suppose 2*c = -g, -2*g - 3*g - 3*c + 14 = 0. Suppose 0 = -4*b - 5*t, g*t = -2*b - 0*t. Suppose -p + b = -5. Calculate the highest common divisor of p and 5.
5
Let t(r) = -70*r**3 + r**2 + 3*r + 2. Let y be t(-1). Calculate the highest common divisor of 140 and y.
70
Let l be (-32)/(-6) + (-6)/(-9). Let v(t) be the third derivative of -t**4/12 + 2*t**3 - 9*t**2. Let q be v(5). What is the highest common factor of l and q?
2
Suppose 350 = 9*n - 4*n. Let z = n + 2. Calculate the greatest common divisor of z and 96.
24
Let q(r) = -r**2 + 23*r - 22. Let a be q(20). Calculate the greatest common factor of 570 and a.
38
Let s = 23 + -22. Let h be (21 + -20)/(s/5). What is the highest common factor of 35 and h?
5
Let t(z) = 3*z**3 - 4*z**2 + 4*z - 7. Let h be -1 + 7 - (0 + 3). Let o be t(h). What is the greatest common factor of 20 and o?
10
Let c = -25 - -25. Suppose 3*o - 2639 + 281 = c. Let g = o + -490. What is the greatest common divisor of 37 and g?
37
Suppose 46*z - 119 = 44*z + 5*r, 5*r - 97 = -z. What is the greatest common divisor of 54 and z?
18
Let b(f) = 35*f - 4. Let l = 31 - 25. Suppose 12 = 9*m - l*m. Let z be b(m). Calculate the greatest common divisor of 17 and z.
17
Suppose 168 = -87*p + 90*p. Calculate the highest common divisor of 189 and p.
7
Let r = -2327 - -3679. What is the greatest common divisor of 104 and r?
104
Let b = -57 + 21. Let g be 0/1 - (b + -2). Calculate the greatest common divisor of g and 19.
19
Let w = 34 + 1. Let t be (-2 + 7/(-21))*(-6 + 3). What is the greatest common factor of t and w?
7
Let q = 64 + -31. Let y = q + 15. What is the highest common factor of y and 12?
12
Let z be 2*-1*(-1 + -1). Let q be 29/3 - z/(-12). Let i(k) = k**3 + 2*k**2 - 2*k + 1. Let v be i(-2). What is the greatest common factor of q and v?
5
Let x be (6/12)/((-2)/(-724)). Suppose -2*b + 8 = 0, -5*b = -2*w - x - 203. Let l = w + 406. What is the greatest common factor of 28 and l?
28
Suppose -2*i - c - 2 + 10 = 0, 0 = 2*i - 5*c - 20. Suppose 3*u - 16 = 4*h + 19, u - 5*h - 30 = 0. What is the greatest common factor of i and u?
5
